{"id":3720,"date":"2024-05-13T17:13:17","date_gmt":"2024-05-13T23:13:17","guid":{"rendered":"https:\/\/ferreterialafedecuicuilco.com\/?post_type=product&#038;p=3720"},"modified":"2024-12-01T00:01:19","modified_gmt":"2024-12-01T06:01:19","slug":"podadora-a-gasolina-21-196-cc","status":"publish","type":"product","link":"https:\/\/ferreterialafedecuicuilco.com\/index.php\/producto\/podadora-a-gasolina-21-196-cc\/","title":{"rendered":"Podadora a gasolina 21&#8243; 196 CC"},"content":{"rendered":"<ul>\n<li>Motor Urrea de 4 tiempos con una cilindrada de 196 cc, di\u00e1metro de corte de 21&#8243;<\/li>\n<li>7 niveles de corte ajustables (29 mm &#8211; 82 mm); con una velocidad de motor de 2800 RPM.<\/li>\n<li>Capacidad de tanque de 1,4 L y con un peso de 36 kg.<\/li>\n<li>Sistema de autopropulsi\u00f3n para una mejor tracci\u00f3n; cuchilla doble filo con dise\u00f1o \u00ab\u00bbS\u00bb\u00bb para un mejor triturado.<\/li>\n<li>Funci\u00f3n 4 en 1 que sirve como triturador, generador de abono, descarga lateral y descarga trasera.<\/li>\n<li>Podadora a gasolina para pasto impulsado por<br \/>\nMotor Urrea de alta eficiencia que provee m\u00e1s potencia y una larga vida \u00fatil, dicho motor es de 4 tiempos con v\u00e1lvulas a la cabeza (OHV), que lo hace m\u00e1s eficiente<br \/>\ny con un mayor rendimiento con bajo \u00edndice de calentamiento; cuenta con un pist\u00f3n de acero al alto cromo para mayor durabilidad y con un ahorro de combustible.<\/li>\n<\/ul>\n","protected":false},"excerpt":{"rendered":"<ul>\n<li>Motor Urrea de 4 tiempos con una cilindrada de 196 cc, di\u00e1metro de corte de 21&#8243;<\/li>\n<li>7 niveles de corte ajustables (29 mm &#8211; 82 mm); con una velocidad de motor de 2800 RPM.<\/li>\n<li>Capacidad de tanque de 1,4 L y con un peso de 36 kg.<\/li>\n<li>Sistema de autopropulsi\u00f3n para una mejor tracci\u00f3n; cuchilla doble filo con dise\u00f1o \u00ab\u00bbS\u00bb\u00bb para un mejor triturado.<\/li>\n<li>Funci\u00f3n 4 en 1 que sirve como triturador, generador de abono, descarga lateral y descarga trasera.<\/li>\n<li>Podadora a gasolina para pasto impulsado por<br \/>\nMotor Urrea de alta eficiencia que provee m\u00e1s potencia y una larga vida \u00fatil, dicho motor es de 4 tiempos con v\u00e1lvulas a la cabeza (OHV), que lo hace m\u00e1s eficiente<br \/>\ny con un mayor rendimiento con bajo \u00edndice de calentamiento; cuenta con un pist\u00f3n de acero al alto cromo para mayor durabilidad y con un ahorro de combustible.<\/li>\n<\/ul>\n","protected":false},"featured_media":4943,"comment_status":"open","ping_status":"closed","template":"","meta":{"site-sidebar-layout":"default","site-content-layout":"","ast-site-content-layout":"default","site-content-style":"default","site-sidebar-style":"default","ast-global-header-display":"","ast-banner-title-visibility":"","ast-main-header-display":"","ast-hfb-above-header-display":"","ast-hfb-below-header-display":"","ast-hfb-mobile-header-display":"","site-post-title":"","ast-breadcrumbs-content":"","ast-featured-img":"","footer-sml-layout":"","ast-disable-related-posts":"","theme-transparent-header-meta":"default","adv-header-id-meta":"","stick-header-meta":"","header-above-stick-meta":"","header-main-stick-meta":"","header-below-stick-meta":"","astra-migrate-meta-layouts":"set","ast-page-background-enabled":"default","ast-page-background-meta":{"desktop":{"background-color":"var(--ast-global-color-4)","background-image":"","background-repeat":"repeat","background-position":"center center","background-size":"auto","background-attachment":"scroll","background-type":"","background-media":"","overlay-type":"","overlay-color":"","overlay-opacity":"","overlay-gradient":""},"tablet":{"background-color":"","background-image":"","background-repeat":"repeat","background-position":"center center","background-size":"auto","background-attachment":"scroll","background-type":"","background-media":"","overlay-type":"","overlay-color":"","overlay-opacity":"","overlay-gradient":""},"mobile":{"background-color":"","background-image":"","background-repeat":"repeat","background-position":"center center","background-size":"auto","background-attachment":"scroll","background-type":"","background-media":"","overlay-type":"","overlay-color":"","overlay-opacity":"","overlay-gradient":""}},"ast-content-background-meta":{"desktop":{"background-color":"var(--ast-global-color-5)","background-image":"","background-repeat":"repeat","background-position":"center center","background-size":"auto","background-attachment":"scroll","background-type":"","background-media":"","overlay-type":"","overlay-color":"","overlay-opacity":"","overlay-gradient":""},"tablet":{"background-color":"var(--ast-global-color-5)","background-image":"","background-repeat":"repeat","background-position":"center center","background-size":"auto","background-attachment":"scroll","background-type":"","background-media":"","overlay-type":"","overlay-color":"","overlay-opacity":"","overlay-gradient":""},"mobile":{"background-color":"var(--ast-global-color-5)","background-image":"","background-repeat":"repeat","background-position":"center center","background-size":"auto","background-attachment":"scroll","background-type":"","background-media":"","overlay-type":"","overlay-color":"","overlay-opacity":"","overlay-gradient":""}}},"product_brand":[],"product_cat":[32,42],"product_tag":[],"class_list":{"0":"post-3720","1":"product","2":"type-product","3":"status-publish","4":"has-post-thumbnail","6":"product_cat-agricultura-y-jardineria","7":"product_cat-urrea","8":"desktop-align-left","9":"tablet-align-left","10":"mobile-align-left","12":"first","13":"instock","14":"shipping-taxable","15":"purchasable","16":"product-type-simple"},"jetpack_sharing_enabled":true,"_links":{"self":[{"href":"https:\/\/ferreterialafedecuicuilco.com\/index.php\/wp-json\/wp\/v2\/product\/3720","targetHints":{"allow":["GET"]}}],"collection":[{"href":"https:\/\/ferreterialafedecuicuilco.com\/index.php\/wp-json\/wp\/v2\/product"}],"about":[{"href":"https:\/\/ferreterialafedecuicuilco.com\/index.php\/wp-json\/wp\/v2\/types\/product"}],"replies":[{"embeddable":true,"href":"https:\/\/ferreterialafedecuicuilco.com\/index.php\/wp-json\/wp\/v2\/comments?post=3720"}],"wp:featuredmedia":[{"embeddable":true,"href":"https:\/\/ferreterialafedecuicuilco.com\/index.php\/wp-json\/wp\/v2\/media\/4943"}],"wp:attachment":[{"href":"https:\/\/ferreterialafedecuicuilco.com\/index.php\/wp-json\/wp\/v2\/media?parent=3720"}],"wp:term":[{"taxonomy":"product_brand","embeddable":true,"href":"https:\/\/ferreterialafedecuicuilco.com\/index.php\/wp-json\/wp\/v2\/product_brand?post=3720"},{"taxonomy":"product_cat","embeddable":true,"href":"https:\/\/ferreterialafedecuicuilco.com\/index.php\/wp-json\/wp\/v2\/product_cat?post=3720"},{"taxonomy":"product_tag","embeddable":true,"href":"https:\/\/ferreterialafedecuicuilco.com\/index.php\/wp-json\/wp\/v2\/product_tag?post=3720"}],"curies":[{"name":"wp","href":"https:\/\/api.w.org\/{rel}","templated":true}]}}