{"id":4062,"date":"2024-06-07T22:55:12","date_gmt":"2024-06-08T04:55:12","guid":{"rendered":"https:\/\/ferreterialafedecuicuilco.com\/?post_type=product&#038;p=4062"},"modified":"2024-06-07T22:55:12","modified_gmt":"2024-06-08T04:55:12","slug":"juego-de-machuelos-de-acero-de-alta-velocidad-1-4-20nc-3-piezas-surtek","status":"publish","type":"product","link":"https:\/\/ferreterialafedecuicuilco.com\/index.php\/producto\/juego-de-machuelos-de-acero-de-alta-velocidad-1-4-20nc-3-piezas-surtek\/","title":{"rendered":"Juego de machuelos de acero de alta velocidad 1\/4&#8243;-20NC, 3 piezas Surtek"},"content":{"rendered":"<ul>\n<li>Juego 3 machuelos acero de alta velocidad 1\/4-20NC Surtek<\/li>\n<li>Cada juego contiene uno recto, un semic\u00f3nico y un c\u00f3nico<\/li>\n<li>Machuelo recto dise\u00f1ado para roscar hasta el fondo los agujeros ciegos, es com\u00fanmente usado para rectificar roscas<\/li>\n<li>Machuelos semic\u00f3nicos son los mayormente usados en agujeros pasados y donde hay suficiente espacio en el fondo en agujeros ciegos<\/li>\n<li>Machuelo c\u00f3nico act\u00faa como gu\u00eda al comenzar la acci\u00f3n de corte en el agujero<\/li>\n<li>N\u00famero De Piezas: 3<\/li>\n<li>Rosca: 1\/4-20Nc<\/li>\n<li>Tipo: C\u00f3nico &#8211; Semic\u00f3nico &#8211; Recto<\/li>\n<\/ul>\n","protected":false},"excerpt":{"rendered":"<ul>\n<li>Juego 3 machuelos acero de alta velocidad 1\/4-20NC Surtek<\/li>\n<li>Cada juego contiene uno recto, un semic\u00f3nico y un c\u00f3nico<\/li>\n<li>Machuelo recto dise\u00f1ado para roscar hasta el fondo los agujeros ciegos, es com\u00fanmente usado para rectificar roscas<\/li>\n<li>Machuelos semic\u00f3nicos son los mayormente usados en agujeros pasados y donde hay suficiente espacio en el fondo en agujeros ciegos<\/li>\n<li>Machuelo c\u00f3nico act\u00faa como gu\u00eda al comenzar la acci\u00f3n de corte en el agujero<\/li>\n<li>N\u00famero De Piezas: 3<\/li>\n<li>Rosca: 1\/4-20Nc<\/li>\n<li>Tipo: C\u00f3nico &#8211; Semic\u00f3nico &#8211; Recto<\/li>\n<\/ul>\n","protected":false},"featured_media":4063,"comment_status":"open","ping_status":"closed","template":"","meta":{"site-sidebar-layout":"default","site-content-layout":"","ast-site-content-layout":"default","site-content-style":"default","site-sidebar-style":"default","ast-global-header-display":"","ast-banner-title-visibility":"","ast-main-header-display":"","ast-hfb-above-header-display":"","ast-hfb-below-header-display":"","ast-hfb-mobile-header-display":"","site-post-title":"","ast-breadcrumbs-content":"","ast-featured-img":"","footer-sml-layout":"","ast-disable-related-posts":"","theme-transparent-header-meta":"default","adv-header-id-meta":"","stick-header-meta":"","header-above-stick-meta":"","header-main-stick-meta":"","header-below-stick-meta":"","astra-migrate-meta-layouts":"set","ast-page-background-enabled":"default","ast-page-background-meta":{"desktop":{"background-color":"var(--ast-global-color-4)","background-image":"","background-repeat":"repeat","background-position":"center center","background-size":"auto","background-attachment":"scroll","background-type":"","background-media":"","overlay-type":"","overlay-color":"","overlay-opacity":"","overlay-gradient":""},"tablet":{"background-color":"","background-image":"","background-repeat":"repeat","background-position":"center center","background-size":"auto","background-attachment":"scroll","background-type":"","background-media":"","overlay-type":"","overlay-color":"","overlay-opacity":"","overlay-gradient":""},"mobile":{"background-color":"","background-image":"","background-repeat":"repeat","background-position":"center center","background-size":"auto","background-attachment":"scroll","background-type":"","background-media":"","overlay-type":"","overlay-color":"","overlay-opacity":"","overlay-gradient":""}},"ast-content-background-meta":{"desktop":{"background-color":"var(--ast-global-color-5)","background-image":"","background-repeat":"repeat","background-position":"center center","background-size":"auto","background-attachment":"scroll","background-type":"","background-media":"","overlay-type":"","overlay-color":"","overlay-opacity":"","overlay-gradient":""},"tablet":{"background-color":"var(--ast-global-color-5)","background-image":"","background-repeat":"repeat","background-position":"center center","background-size":"auto","background-attachment":"scroll","background-type":"","background-media":"","overlay-type":"","overlay-color":"","overlay-opacity":"","overlay-gradient":""},"mobile":{"background-color":"var(--ast-global-color-5)","background-image":"","background-repeat":"repeat","background-position":"center center","background-size":"auto","background-attachment":"scroll","background-type":"","background-media":"","overlay-type":"","overlay-color":"","overlay-opacity":"","overlay-gradient":""}}},"product_brand":[],"product_cat":[74,41],"product_tag":[],"class_list":{"0":"post-4062","1":"product","2":"type-product","3":"status-publish","4":"has-post-thumbnail","6":"product_cat-herramientas-de-corte-y-desbas","7":"product_cat-surtek","8":"desktop-align-left","9":"tablet-align-left","10":"mobile-align-left","12":"first","13":"instock","14":"shipping-taxable","15":"purchasable","16":"product-type-simple"},"jetpack_sharing_enabled":true,"_links":{"self":[{"href":"https:\/\/ferreterialafedecuicuilco.com\/index.php\/wp-json\/wp\/v2\/product\/4062","targetHints":{"allow":["GET"]}}],"collection":[{"href":"https:\/\/ferreterialafedecuicuilco.com\/index.php\/wp-json\/wp\/v2\/product"}],"about":[{"href":"https:\/\/ferreterialafedecuicuilco.com\/index.php\/wp-json\/wp\/v2\/types\/product"}],"replies":[{"embeddable":true,"href":"https:\/\/ferreterialafedecuicuilco.com\/index.php\/wp-json\/wp\/v2\/comments?post=4062"}],"wp:featuredmedia":[{"embeddable":true,"href":"https:\/\/ferreterialafedecuicuilco.com\/index.php\/wp-json\/wp\/v2\/media\/4063"}],"wp:attachment":[{"href":"https:\/\/ferreterialafedecuicuilco.com\/index.php\/wp-json\/wp\/v2\/media?parent=4062"}],"wp:term":[{"taxonomy":"product_brand","embeddable":true,"href":"https:\/\/ferreterialafedecuicuilco.com\/index.php\/wp-json\/wp\/v2\/product_brand?post=4062"},{"taxonomy":"product_cat","embeddable":true,"href":"https:\/\/ferreterialafedecuicuilco.com\/index.php\/wp-json\/wp\/v2\/product_cat?post=4062"},{"taxonomy":"product_tag","embeddable":true,"href":"https:\/\/ferreterialafedecuicuilco.com\/index.php\/wp-json\/wp\/v2\/product_tag?post=4062"}],"curies":[{"name":"wp","href":"https:\/\/api.w.org\/{rel}","templated":true}]}}